{"id":47,"date":"2020-02-03T16:49:00","date_gmt":"2020-02-03T16:49:00","guid":{"rendered":"http:\/\/techkon-gummitechnik.de\/?page_id=47"},"modified":"2020-02-28T14:51:01","modified_gmt":"2020-02-28T14:51:01","slug":"zubehoer-fuer-wassersport","status":"publish","type":"page","link":"https:\/\/techkon-gummitechnik.de\/?page_id=47","title":{"rendered":"Zubeh\u00f6r f\u00fcr Wassersport"},"content":{"rendered":"\t\t<div data-elementor-type=\"wp-page\" data-elementor-id=\"47\" class=\"elementor elementor-47\">\n\t\t\t\t\t\t<div class=\"elementor-inner\">\n\t\t\t\t<div class=\"elementor-section-wrap\">\n\t\t\t\t\t\t\t\t\t<section class=\"elementor-section elementor-top-section elementor-element elementor-element-85e828f elementor-section-boxed elementor-section-height-default elementor-section-height-default\" data-id=\"85e828f\" data-element_type=\"section\">\n\t\t\t\t\t\t<div class=\"elementor-container elementor-column-gap-default\">\n\t\t\t\t\t\t\t<div class=\"elementor-row\">\n\t\t\t\t\t<div class=\"elementor-column elementor-col-100 elementor-top-column elementor-element elementor-element-16149f5\" data-id=\"16149f5\" data-element_type=\"column\">\n\t\t\t<div class=\"elementor-column-wrap elementor-element-populated\">\n\t\t\t\t\t\t\t<div class=\"elementor-widget-wrap\">\n\t\t\t\t\t\t<div class=\"elementor-element elementor-element-157f3e5 elementor-widget-divider--view-line elementor-widget elementor-widget-divider\" data-id=\"157f3e5\" data-element_type=\"widget\" data-widget_type=\"divider.default\">\n\t\t\t\t<div class=\"elementor-widget-container\">\n\t\t\t\t\t<div class=\"elementor-divider\">\n\t\t\t<span class=\"elementor-divider-separator\">\n\t\t\t\t\t\t<\/span>\n\t\t<\/div>\n\t\t\t\t<\/div>\n\t\t\t\t<\/div>\n\t\t\t\t<section class=\"elementor-section elementor-inner-section elementor-element elementor-element-49b415b elementor-section-boxed elementor-section-height-default elementor-section-height-default\" data-id=\"49b415b\" data-element_type=\"section\">\n\t\t\t\t\t\t<div class=\"elementor-container elementor-column-gap-default\">\n\t\t\t\t\t\t\t<div class=\"elementor-row\">\n\t\t\t\t\t<div class=\"elementor-column elementor-col-50 elementor-inner-column elementor-element elementor-element-fd76c14\" data-id=\"fd76c14\" data-element_type=\"column\">\n\t\t\t<div class=\"elementor-column-wrap elementor-element-populated\">\n\t\t\t\t\t\t\t<div class=\"elementor-widget-wrap\">\n\t\t\t\t\t\t<div class=\"elementor-element elementor-element-1f13988 elementor-widget elementor-widget-text-editor\" data-id=\"1f13988\" data-element_type=\"widget\" data-widget_type=\"text-editor.default\">\n\t\t\t\t<div class=\"elementor-widget-container\">\n\t\t\t\t\t\t\t\t<div class=\"elementor-text-editor elementor-clearfix\">\n\t\t\t\t<p>Unsere Produkte im Bereich &#8222;Zubeh\u00f6r f\u00fcr Wassersport&#8220;:<\/p><ul><li><span style=\"font-family: Arial, Helvetica, Geneva, Swiss, SunSans-Regular; font-size: small; color: #000000;\"><b>Persenning<\/b><\/span><\/li><li><span style=\"font-family: Arial, Helvetica, Geneva, Swiss, SunSans-Regular; font-size: small; color: #000000;\"><b>Abdeckplanen<\/b><\/span><\/li><li><span style=\"font-family: Arial, Helvetica, Geneva, Swiss, SunSans-Regular; font-size: small; color: #000000;\"><b>Auftriebsk\u00f6rper<\/b><\/span><\/li><li><span style=\"font-family: Arial, Helvetica, Geneva, Swiss, SunSans-Regular; font-size: small; color: #000000;\"><b>Schlauchk\u00f6rper<\/b><\/span><\/li><li><span style=\"font-family: Arial, Helvetica, Geneva, Swiss, SunSans-Regular; font-size: small; color: #000000;\"><b>Sonderzubeh\u00f6r<\/b><\/span><\/li><li><span style=\"font-family: Arial, Helvetica, Geneva, Swiss, SunSans-Regular; font-size: small; color: #000000;\"><b>Holzteile<\/b><\/span><\/li><li><span style=\"font-family: Arial, Helvetica, Geneva, Swiss, SunSans-Regular; font-size: small; color: #000000;\"><b>Beschl\u00e4ge<\/b><\/span><\/li><li><span style=\"color: #000000;\"><b><span style=\"font-family: Arial,Helvetica,Geneva,Swiss,SunSans-Regular; font-size: small;\">Metallteile<\/span><\/b><\/span><\/li><li><span style=\"color: #000000;\"><b><span style=\"font-family: Arial,Helvetica,Geneva,Swiss,SunSans-Regular; font-size: small;\">Spanngurte<\/span><\/b><\/span><\/li><li><span style=\"font-family: Arial, Helvetica, Geneva, Swiss, SunSans-Regular; font-size: small; color: #000000;\"><b>Ventile<\/b><\/span><\/li><li><span style=\"font-family: Arial, Helvetica, Geneva, Swiss, SunSans-Regular; font-size: small; color: #000000;\"><b>Bootsstoffe<\/b><\/span><\/li><\/ul>\t\t\t\t\t<\/div>\n\t\t\t\t\t\t<\/div>\n\t\t\t\t<\/div>\n\t\t\t\t\t\t<\/div>\n\t\t\t\t\t<\/div>\n\t\t<\/div>\n\t\t\t\t<div class=\"elementor-column elementor-col-50 elementor-inner-column elementor-element elementor-element-d0db32c\" data-id=\"d0db32c\" data-element_type=\"column\">\n\t\t\t<div class=\"elementor-column-wrap elementor-element-populated\">\n\t\t\t\t\t\t\t<div class=\"elementor-widget-wrap\">\n\t\t\t\t\t\t<div class=\"elementor-element elementor-element-1680341 elementor-widget elementor-widget-image\" data-id=\"1680341\" data-element_type=\"widget\" data-widget_type=\"image.default\">\n\t\t\t\t<div class=\"elementor-widget-container\">\n\t\t\t\t\t\t\t\t<div class=\"elementor-image\">\n\t\t\t\t\t\t\t\t\t\t\t\t<img width=\"531\" height=\"141\" src=\"https:\/\/techkon-gummitechnik.de\/wp-content\/uploads\/2020\/02\/Schlauchk\u00f6rper.jpg\" class=\"attachment-large size-large\" alt=\"\" loading=\"lazy\" srcset=\"https:\/\/techkon-gummitechnik.de\/wp-content\/uploads\/2020\/02\/Schlauchk\u00f6rper.jpg 531w, https:\/\/techkon-gummitechnik.de\/wp-content\/uploads\/2020\/02\/Schlauchk\u00f6rper-300x80.jpg 300w\" sizes=\"(max-width: 531px) 100vw, 531px\" \/>\t\t\t\t\t\t\t\t\t\t\t\t\t\t<\/div>\n\t\t\t\t\t\t<\/div>\n\t\t\t\t<\/div>\n\t\t\t\t\t\t<\/div>\n\t\t\t\t\t<\/div>\n\t\t<\/div>\n\t\t\t\t\t\t\t\t<\/div>\n\t\t\t\t\t<\/div>\n\t\t<\/section>\n\t\t\t\t\t\t<\/div>\n\t\t\t\t\t<\/div>\n\t\t<\/div>\n\t\t\t\t\t\t\t\t<\/div>\n\t\t\t\t\t<\/div>\n\t\t<\/section>\n\t\t\t\t<section class=\"elementor-section elementor-top-section elementor-element elementor-element-99b730d elementor-section-boxed elementor-section-height-default elementor-section-height-default\" data-id=\"99b730d\" data-element_type=\"section\">\n\t\t\t\t\t\t<div class=\"elementor-container elementor-column-gap-default\">\n\t\t\t\t\t\t\t<div class=\"elementor-row\">\n\t\t\t\t\t<div class=\"elementor-column elementor-col-100 elementor-top-column elementor-element elementor-element-1678136\" data-id=\"1678136\" data-element_type=\"column\">\n\t\t\t<div class=\"elementor-column-wrap elementor-element-populated\">\n\t\t\t\t\t\t\t<div class=\"elementor-widget-wrap\">\n\t\t\t\t\t\t<div class=\"elementor-element elementor-element-ff06eee elementor-widget-divider--view-line elementor-widget elementor-widget-divider\" data-id=\"ff06eee\" data-element_type=\"widget\" data-widget_type=\"divider.default\">\n\t\t\t\t<div class=\"elementor-widget-container\">\n\t\t\t\t\t<div class=\"elementor-divider\">\n\t\t\t<span class=\"elementor-divider-separator\">\n\t\t\t\t\t\t<\/span>\n\t\t<\/div>\n\t\t\t\t<\/div>\n\t\t\t\t<\/div>\n\t\t\t\t\t\t<\/div>\n\t\t\t\t\t<\/div>\n\t\t<\/div>\n\t\t\t\t\t\t\t\t<\/div>\n\t\t\t\t\t<\/div>\n\t\t<\/section>\n\t\t\t\t<section class=\"elementor-section elementor-top-section elementor-element elementor-element-d5ce7fa elementor-section-boxed elementor-section-height-default elementor-section-height-default\" data-id=\"d5ce7fa\" data-element_type=\"section\">\n\t\t\t\t\t\t<div class=\"elementor-container elementor-column-gap-default\">\n\t\t\t\t\t\t\t<div class=\"elementor-row\">\n\t\t\t\t\t<div class=\"elementor-column elementor-col-100 elementor-top-column elementor-element elementor-element-4256f01\" data-id=\"4256f01\" data-element_type=\"column\">\n\t\t\t<div class=\"elementor-column-wrap elementor-element-populated\">\n\t\t\t\t\t\t\t<div class=\"elementor-widget-wrap\">\n\t\t\t\t\t\t<section class=\"elementor-section elementor-inner-section elementor-element elementor-element-dec04c9 elementor-section-boxed elementor-section-height-default elementor-section-height-default\" data-id=\"dec04c9\" data-element_type=\"section\">\n\t\t\t\t\t\t<div class=\"elementor-container elementor-column-gap-default\">\n\t\t\t\t\t\t\t<div class=\"elementor-row\">\n\t\t\t\t\t<div class=\"elementor-column elementor-col-33 elementor-inner-column elementor-element elementor-element-65d8bff\" data-id=\"65d8bff\" data-element_type=\"column\">\n\t\t\t<div class=\"elementor-column-wrap elementor-element-populated\">\n\t\t\t\t\t\t\t<div class=\"elementor-widget-wrap\">\n\t\t\t\t\t\t<div class=\"elementor-element elementor-element-18b05a5 elementor-widget elementor-widget-heading\" data-id=\"18b05a5\" data-element_type=\"widget\" data-widget_type=\"heading.default\">\n\t\t\t\t<div class=\"elementor-widget-container\">\n\t\t\t<h2 class=\"elementor-heading-title elementor-size-default\">Persenning f\u00fcr Luftboote<\/h2>\t\t<\/div>\n\t\t\t\t<\/div>\n\t\t\t\t<div class=\"elementor-element elementor-element-10f0cde elementor-widget elementor-widget-image\" data-id=\"10f0cde\" data-element_type=\"widget\" data-widget_type=\"image.default\">\n\t\t\t\t<div class=\"elementor-widget-container\">\n\t\t\t\t\t\t\t\t<div class=\"elementor-image\">\n\t\t\t\t\t\t\t\t\t\t\t\t<img width=\"230\" height=\"111\" src=\"https:\/\/techkon-gummitechnik.de\/wp-content\/uploads\/2020\/02\/Persenning.jpg\" class=\"attachment-large size-large\" alt=\"\" loading=\"lazy\" \/>\t\t\t\t\t\t\t\t\t\t\t\t\t\t<\/div>\n\t\t\t\t\t\t<\/div>\n\t\t\t\t<\/div>\n\t\t\t\t\t\t<\/div>\n\t\t\t\t\t<\/div>\n\t\t<\/div>\n\t\t\t\t<div class=\"elementor-column elementor-col-33 elementor-inner-column elementor-element elementor-element-86f70d0\" data-id=\"86f70d0\" data-element_type=\"column\">\n\t\t\t<div class=\"elementor-column-wrap elementor-element-populated\">\n\t\t\t\t\t\t\t<div class=\"elementor-widget-wrap\">\n\t\t\t\t\t\t<div class=\"elementor-element elementor-element-c822994 elementor-widget elementor-widget-heading\" data-id=\"c822994\" data-element_type=\"widget\" data-widget_type=\"heading.default\">\n\t\t\t\t<div class=\"elementor-widget-container\">\n\t\t\t<h2 class=\"elementor-heading-title elementor-size-default\">Spritzdecke f\u00fcr Luftboote<\/h2>\t\t<\/div>\n\t\t\t\t<\/div>\n\t\t\t\t<div class=\"elementor-element elementor-element-d0f26a8 elementor-widget elementor-widget-image\" data-id=\"d0f26a8\" data-element_type=\"widget\" data-widget_type=\"image.default\">\n\t\t\t\t<div class=\"elementor-widget-container\">\n\t\t\t\t\t\t\t\t<div class=\"elementor-image\">\n\t\t\t\t\t\t\t\t\t\t\t\t<img width=\"301\" height=\"164\" src=\"https:\/\/techkon-gummitechnik.de\/wp-content\/uploads\/2020\/02\/Spritzdecke.jpg\" class=\"attachment-large size-large\" alt=\"\" loading=\"lazy\" \/>\t\t\t\t\t\t\t\t\t\t\t\t\t\t<\/div>\n\t\t\t\t\t\t<\/div>\n\t\t\t\t<\/div>\n\t\t\t\t\t\t<\/div>\n\t\t\t\t\t<\/div>\n\t\t<\/div>\n\t\t\t\t<div class=\"elementor-column elementor-col-33 elementor-inner-column elementor-element elementor-element-63be41b\" data-id=\"63be41b\" data-element_type=\"column\">\n\t\t\t<div class=\"elementor-column-wrap elementor-element-populated\">\n\t\t\t\t\t\t\t<div class=\"elementor-widget-wrap\">\n\t\t\t\t\t\t<div class=\"elementor-element elementor-element-a1c4563 elementor-widget elementor-widget-heading\" data-id=\"a1c4563\" data-element_type=\"widget\" data-widget_type=\"heading.default\">\n\t\t\t\t<div class=\"elementor-widget-container\">\n\t\t\t<h2 class=\"elementor-heading-title elementor-size-default\">Heckbretter f\u00fcr Luftboote<\/h2>\t\t<\/div>\n\t\t\t\t<\/div>\n\t\t\t\t<div class=\"elementor-element elementor-element-e6e38c4 elementor-widget elementor-widget-image\" data-id=\"e6e38c4\" data-element_type=\"widget\" data-widget_type=\"image.default\">\n\t\t\t\t<div class=\"elementor-widget-container\">\n\t\t\t\t\t\t\t\t<div class=\"elementor-image\">\n\t\t\t\t\t\t\t\t\t\t\t\t<img width=\"279\" height=\"96\" src=\"https:\/\/techkon-gummitechnik.de\/wp-content\/uploads\/2020\/02\/Heckbrett-1.jpg\" class=\"attachment-large size-large\" alt=\"\" loading=\"lazy\" \/>\t\t\t\t\t\t\t\t\t\t\t\t\t\t<\/div>\n\t\t\t\t\t\t<\/div>\n\t\t\t\t<\/div>\n\t\t\t\t\t\t<\/div>\n\t\t\t\t\t<\/div>\n\t\t<\/div>\n\t\t\t\t\t\t\t\t<\/div>\n\t\t\t\t\t<\/div>\n\t\t<\/section>\n\t\t\t\t\t\t<\/div>\n\t\t\t\t\t<\/div>\n\t\t<\/div>\n\t\t\t\t\t\t\t\t<\/div>\n\t\t\t\t\t<\/div>\n\t\t<\/section>\n\t\t\t\t\t\t\t\t\t<\/div>\n\t\t\t<\/div>\n\t\t\t\t\t<\/div>\n\t\t","protected":false},"excerpt":{"rendered":"<p>Unsere Produkte im Bereich &#8222;Zubeh\u00f6r f\u00fcr Wassersport&#8220;: Persenning Abdeckplanen Auftriebsk\u00f6rper Schlauchk\u00f6rper Sonderzubeh\u00f6r Holzteile Beschl\u00e4ge Metallteile Spanngurte Ventile Bootsstoffe Persenning f\u00fcr Luftboote Spritzdecke f\u00fcr Luftboote Heckbretter f\u00fcr Luftboote<\/p>\n","protected":false},"author":1,"featured_media":0,"parent":0,"menu_order":0,"comment_status":"closed","ping_status":"closed","template":"","meta":[],"_links":{"self":[{"href":"https:\/\/techkon-gummitechnik.de\/index.php?rest_route=\/wp\/v2\/pages\/47"}],"collection":[{"href":"https:\/\/techkon-gummitechnik.de\/index.php?rest_route=\/wp\/v2\/pages"}],"about":[{"href":"https:\/\/techkon-gummitechnik.de\/index.php?rest_route=\/wp\/v2\/types\/page"}],"author":[{"embeddable":true,"href":"https:\/\/techkon-gummitechnik.de\/index.php?rest_route=\/wp\/v2\/users\/1"}],"replies":[{"embeddable":true,"href":"https:\/\/techkon-gummitechnik.de\/index.php?rest_route=%2Fwp%2Fv2%2Fcomments&post=47"}],"version-history":[{"count":4,"href":"https:\/\/techkon-gummitechnik.de\/index.php?rest_route=\/wp\/v2\/pages\/47\/revisions"}],"predecessor-version":[{"id":273,"href":"https:\/\/techkon-gummitechnik.de\/index.php?rest_route=\/wp\/v2\/pages\/47\/revisions\/273"}],"wp:attachment":[{"href":"https:\/\/techkon-gummitechnik.de\/index.php?rest_route=%2Fwp%2Fv2%2Fmedia&parent=47"}],"curies":[{"name":"wp","href":"https:\/\/api.w.org\/{rel}","templated":true}]}}